ors of i.
2, 571
Let u = -5585 + 2324. List the prime factors of u/(-15) + (2 - (-36)/(-15)).
7, 31
Let g be 10 + -13 - (-3 - 1). Let n = 36 - g. List the prime factors of n.
5, 7
Suppose 2*g + 24*s - 28*s - 3428 = 0, 3*s + 3426 = 2*g. What are the prime factors of g?
2, 3, 5, 19
Let y be 26/3 - (-2)/6. Let s = y + -7. Suppose i + 106 = 5*c + s*i, 3*i = -c + 24. List the prime factors of c.
3, 7
Let y be (6/1)/(12/18). Suppose 312 = y*d - 5*d. What are the prime factors of d?
2, 3, 13
Let r(a) = -a - 2. Let w be r(-1). Let g be 4 - 0*w/(-4). List the prime factors of (g/6)/((-2)/(-84)).
2, 7
Suppose 9*t + 64942 = 47*t. What are the prime factors of t?
1709
Let b(i) = 3*i - 8. Let z be b(2). What are the prime factors of 96 - (0 + 2)*z/2?
2, 7
Suppose -911 = -6*q + 3571. List the prime factors of q.
3, 83
Suppose 3*j = -4*z + 2 - 17, j + 5 = 4*z. Let s be z/6*(0 - 1). Suppose -90 = -s*n - 5*n. What are the prime factors of n?
2, 3
Suppose 5 = -3*q + 4*q, -95 = -5*c + q. Let f be (0 - 1)/(1/(-10)). Let l = c - f. List the prime factors of l.
2, 5
Suppose 6 = -3*o + 4*x - 6, 5*x = 0. Let y = o - -4. Suppose 2*k - 4*k + 78 = y. What are the prime factors of k?
3, 13
Let r = 200 + 37. List the prime factors of r.
3, 79
Let h(x) = x**2 - 24*x + 22. Let b be h(23). What are the prime factors of (4 - b) + -2 + 14?
17
Suppose -h + 4*y + 13 = 5, 3*y = -2*h + 49. What are the prime factors of (70/h)/((-2)/(-12))?
3, 7
List the prime factors of -2*199/(-1) + (-21)/(-7).
401
Suppose 0 = -14*l + 26*l - 4536. What are the prime factors of l?
2, 3, 7
Let y be (-7)/28 - (-75)/(-4). Let o = -28 - y. What are the prime factors of ((-15)/(-9) - 2)*o?
3
Let l(j) = -8*j - 17. Let n(o) = -8*o - 17. Let x(v) = -4*l(v) + 3*n(v). List the prime factors of x(7).
73
Let h = 1146 - 792. List the prime factors of h.
2, 3, 59
Suppose -7*k + 5*k - 16068 = -8*i, -5*i + 4*k = -10048. List the prime factors of i.
2, 251
Let i = -710 + 2843. List the prime factors of i.
3, 79
Let n(k) = -31*k - 3. Let a be n(-1). Let i be (-4)/14 - (-64)/a. Suppose -g + i*g - 64 = 5*p, -g + 64 = 3*p. List the prime factors of g.
2
Suppose 31 = 11*i + 9. Suppose i*h = 4*x - 1350, 2*x - h = -6*h + 669. List the prime factors of x.
337
Suppose -12*q + 16*q - 1168 = 0. List the prime factors of q.
2, 73
Let r = 487 + -482. List the prime factors of r.
5
Suppose t + 5510 = 5*t - 2*q, t - 3*q - 1380 = 0. List the prime factors of t.
3, 17
Suppose 2*o = -18 - 12. Let i be ((-20)/o)/((-6)/(-63)). Suppose j + 2*h - i = 0, 3*j - 50 = -2*h - 2*h. List the prime factors of j.
2, 11
Let g(r) = 6*r**2 + r + 6. Let t be g(6). Let a = t - 149. What are the prime factors of a?
79
List the prime factors of 8 - ((-7 - 2405) + 4).
2, 151
Let q = -23 - -33. Suppose -q - 4 = -w. List the prime factors of w.
2, 7
Let z = -165 + 261. Suppose -z = 2*x - 4*x. List the prime factors of x.
2, 3
Let b = 233 + -47. List the prime factors of b.
2, 3, 31
Let m(q) be the second derivative of -3*q**3/2 - 3*q**2 - 9*q. Suppose z + 2 = -2*i, 3*z + 4*i + 8 = -i. List the prime factors of m(z).
2, 3
Suppose 0 = 14*h + 552 - 6684. What are the prime factors of h?
2, 3, 73
Suppose 10 = -7*o + 3. List the prime factors of 48*(o + -2)*(-8)/12.
2, 3
Suppose 11*v - 13*v = -1608. List the prime factors of v.
2, 3, 67
Let o be (171/2)/((-6)/(-12)). Let z = o + -119. What are the prime factors of z?
2, 13
Let q(y) = y**2 - 5*y - 3. Let v be q(6). Suppose -3*i - 2*m = 8, 0*m - 12 = -5*i + v*m. List the prime factors of -62*(-1)/(i + 2).
31
Let y = -1097 + 2014. What are the prime factors of y?
7, 131
Let s = 22 - 20. List the prime factors of (-65)/(3 - (s - -2)).
5, 13
Suppose 0 = -509*a + 499*a + 21710. What are the prime factors of a?
13, 167
Suppose 4*a - 1404 = -4*w, -w = -3*a + a + 702. List the prime factors of a.
3, 13
Suppose 5*p = 5*d - 450, -8*p + 5*d - 356 = -4*p. Let x = 190 + p. What are the prime factors of x?
2, 3
Suppose 3656 = -9*w + 15014. What are the prime factors of w?
2, 631
Suppose 0*l + 24 = 3*l. Suppose -3*n + 3 = -0*n, -3*n + l = 5*j. Suppose x = 3*g - 17, -3*g + 4*g + j = 2*x. What are the prime factors of g?
7
Let y be (-48)/(-20) - (-2)/(-5). Suppose -3*i = -3*b - i + 5, 0 = 2*b - y*i. What are the prime factors of b + -3 - -11*1?
13
Let v = 854 + -380. List the prime factors of v.
2, 3, 79
Let n = -253 + 808. List the prime factors of n.
3, 5, 37
Suppose 4382 = 4*a - 3*t, -2184 = -2*a - 2*t - 0*t. What are the prime factors of a?
2, 547
Let r(z) = -z**2 + 64*z - 18. What are the prime factors of r(27)?
3, 109
Suppose 0 = 8*c - 4439 + 95. What are the prime factors of c?
3, 181
Suppose -100 = -4*q + 76. Suppose 0 = -j + l + 82, -j - 3*j - 3*l = -300. Let i = j - q. What are the prime factors of i?
2, 17
Suppose v - 2787 = -2*m, m + 5*v = 1644 - 246. List the prime factors of m.
7, 199
Let m be (-22)/5 - 12/(-30). Let w(q) = q**2 + 3*q - 5. Let l be w(m). List the prime factors of 3*(28/3 + l).
5
Suppose p + 2*l = 6*l - 60, 0 = p + l + 75. Let n(z) = 3*z**3 - z**2 - 3*z + 2. Let t be n(2). What are the prime factors of 526/18 + t/p?
29
What are the prime factors of 2*10/(-16)*-148?
5, 37
Let c be ((-16)/6)/(4/(-6)). Let y be (32 + -2)*(c + -5). What are the prime factors of (1 - y) + (-18)/6?
2, 7
Let u = 45 - 238. Let i = -298 - u. What are the prime factors of (-4)/5*i/3?
2, 7
Let p(o) = -8*o - 7. Let c be p(-6). What are the prime factors of 12/24*c*4?
2, 41
Suppose -39*o = -7*o - 21600. List the prime factors of o.
3, 5
Let f be (-28)/(-49) - 92/14. Let z(r) = r**2 - r + 6. List the prime factors of z(f).
2, 3
Let t(q) = 36*q - 108. List the prime factors of t(16).
2, 3, 13
Suppose -5*q = 5 + 25. Let v be (-2)/(-3)*(-45)/q. Suppose -5*h = -0*h - v*c - 155, 5*h + 4*c = 182. List the prime factors of h.
2, 17
Let c = -48 - -53. Suppose c*l = 203 + 337. List the prime factors of l.
2, 3
Let t(h) = -6*h**3 - 13*h**2 + 7*h + 5. What are the prime factors of t(-3)?
29
Let t = -5 + 1709. List the prime factors of t.
2, 3, 71
What are the prime factors of (2 - 7/2)/((-4)/1168)?
2, 3, 73
List the prime factors of 66295/(-405)*-9 + (-4)/18.
3, 491
Let g(j) = -j - 3. Let n be g(-3). Suppose -4*h = -5*u + 6, 10 = -5*u - n. Let a(r) = r**3 + 7*r**2 + 5*r - 4. List the prime factors of a(h).
2, 3
Suppose -m - 4 = -5*c + 6, m + 10 = 3*c. Let d be ((-4)/m)/(3/255). Let n = 54 - d. What are the prime factors of n?
2, 5
Let s(l) = -l**3 - 16*l**2 + 16*l - 13. Let o = -15 + -2. Let r be s(o). What are the prime factors of (-9)/18 - (-94)/r?
23
List the prime factors of 2/5 - (-640516)/235.
2, 29, 47
Let z = -1 + -8. What are the prime factors of (-6)/z - (-427)/21?
3, 7
Let w = 52 - 47. Suppose -w*j + 638 = 4*v, -j = v + 41 - 201. List the prime factors of v.
2, 3
Suppose -5*n = 5*k - 535, 0*k - 4*k = -5*n - 437. Let y = 82 + k. What are the prime factors of y?
2, 5, 19
Let n(j) = 2*j**3 - 9*j**2 - 3*j - 20. List the prime factors of n(10).
2, 3, 5, 7
Suppose 2*h = 3*r - 2 + 27, 10 = -3*r - h. Let i be 28/6 - r/15. Suppose -5*g - i*o = -55, -g = -3*g - 3*o + 19. What are the prime factors of g?
2, 7
Suppose 4*j - 180 = -2*j. Let t = -12 + j. List the prime factors of (t/27)/((-4)/(-150)).
5
Suppose -y - 3*y + 792 = -5*s, y = -s - 153. Let o = s - -319. What are the prime factors of o?
163
Suppose 0 = 3*m - 3*t - 453, -5*m - 3*t + 5*t = -740. What are the prime factors of m?
2, 73
Suppose -5*c = -10, b + c + 4*c = 10. Suppose -3*q - 2*q + 10 = b. Suppose 0 = -5*t - 4 - 1, -3*x = q*t - 46. List the prime factors of x.
2
Let q = -19 - -7. Let k = q + 5. What are the prime factors of (4/6)/(k/(-42))?
2
Suppose 60*m = 63*m - 3. List the prime factors of (154 - -11) + 4*m.
13
Let q = 14 + -23. Let k = 2 + q. Let y(z) = -z**2 - 7*z + 5. What are the prime factors of y(k)?
5
Suppose 57*y - 61*y + 300 = 0. List the prime factors of y.
3, 5
Let g = 616 + -470. List the prime factors of g.
2, 73
Suppose 32023 = 197*c - 166*c. List the prime factors of c.
1033
Let l = 633 + -490. Let x be 1*4 + 2 - 2. Suppose x*o = l - 3. List the prime factors of o.
5, 7
Let w = -914 + 1335. List the prime factors of w.
421
Let h(o) = -4*o**3 + 3*o**2 - o + 1. Let b be h(2). Suppose -116*j + 122*j = 126. Let c = j - b. List the prime factors of c.
2, 